9
List the prime factors of 22492.
2, 5623
List the prime factors of 5335227.
3, 65867
What are the prime factors of 2919704?
2, 31, 61, 193
What are the prime factors of 327616?
2, 5119
What are the prime factors of 6133590?
2, 3, 5, 22717
List the prime factors of 1271874.
2, 3, 211979
List the prime factors of 158314.
2, 13, 6089
List the prime factors of 515089.
515089
List the prime factors of 6213686.
2, 229, 13567
List the prime factors of 235257.
3, 11, 7129
What are the prime factors of 881227?
829, 1063
What are the prime factors of 2832131?
2832131
List the prime factors of 2093449.
2093449
List the prime factors of 434764.
2, 11, 41, 241
List the prime factors of 1191439.
1191439
What are the prime factors of 1067736?
2, 3, 17, 2617
What are the prime factors of 7084821?
3, 2361607
List the prime factors of 21255576.
2, 3, 17, 59, 883
What are the prime factors of 257590?
2, 5, 25759
List the prime factors of 11965120.
2, 5, 139, 269
What are the prime factors of 371173?
11, 41, 823
What are the prime factors of 2401950?
2, 3, 5, 67, 239
List the prime factors of 149808.
2, 3, 3121
List the prime factors of 2457769.
53, 79, 587
What are the prime factors of 1144168?
2, 17, 47, 179
List the prime factors of 195923.
7, 13, 2153
List the prime factors of 157880.
2, 5, 3947
List the prime factors of 301850.
2, 5, 6037
List the prime factors of 276360.
2, 3, 5, 7, 47
What are the prime factors of 82462?
2, 41231
List the prime factors of 220787.
7, 31541
What are the prime factors of 1953299?
1953299
What are the prime factors of 409718?
2, 204859
List the prime factors of 23121738.
2, 3, 1284541
What are the prime factors of 4363034?
2, 13, 167809
List the prime factors of 5227287.
3, 13, 134033
List the prime factors of 564839.
11, 51349
List the prime factors of 5550408.
2, 3, 127, 607
List the prime factors of 7213420.
2, 5, 101, 3571
What are the prime factors of 639464?
2, 7, 19, 601
What are the prime factors of 8609908?
2, 2152477
List the prime factors of 144037.
144037
What are the prime factors of 335639?
23, 14593
What are the prime factors of 11498832?
2, 3, 47, 1699
What are the prime factors of 759661?
7, 47, 2309
List the prime factors of 9120.
2, 3, 5, 19
What are the prime factors of 40094525?
5, 47, 34123
What are the prime factors of 3071103?
3, 7, 19, 43, 179
What are the prime factors of 11619280?
2, 5, 61, 2381
List the prime factors of 54766.
2, 139, 197
What are the prime factors of 354669?
3, 7, 16889
List the prime factors of 38893560.
2, 3, 5, 324113
List the prime factors of 3395360.
2, 5, 21221
What are the prime factors of 38085?
3, 5, 2539
What are the prime factors of 28497486?
2, 3, 4749581
What are the prime factors of 1927822?
2, 13, 53, 1399
List the prime factors of 7691737.
239, 32183
List the prime factors of 1416762.
2, 3, 31, 2539
What are the prime factors of 3789115?
5, 11, 6263
What are the prime factors of 2086856?
2, 260857
List the prime factors of 176212.
2, 44053
List the prime factors of 67148.
2, 16787
What are the prime factors of 873317?
873317
List the prime factors of 3597754.
2, 149, 12073
What are the prime factors of 10007825?
5, 400313
List the prime factors of 474802.
2, 237401
List the prime factors of 345583.
7, 49369
What are the prime factors of 3073331?
37, 83063
List the prime factors of 6125854.
2, 7, 569, 769
What are the prime factors of 857400?
2, 3, 5, 1429
What are the prime factors of 219369?
3, 83, 881
What are the prime factors of 1155097?
1155097
What are the prime factors of 242062?
2, 127, 953
What are the prime factors of 727532?
2, 13, 17, 823
List the prime factors of 2931639.
3, 29, 31, 1087
What are the prime factors of 92301?
3, 11, 2797
List the prime factors of 7645054.
2, 3822527
List the prime factors of 2862848.
2, 53, 211
What are the prime factors of 5594120?
2, 5, 7, 19979
What are the prime factors of 5306159?
17, 29, 47, 229
List the prime factors of 3692700.
2, 3, 5, 11, 373
What are the prime factors of 1906428?
2, 3, 79, 2011
List the prime factors of 22904441.
7, 829, 3947
What are the prime factors of 408693?
3, 59, 2309
What are the prime factors of 51613?
51613
List the prime factors of 1175876.
2, 13, 22613
List the prime factors of 1099893.
3, 366631
List the prime factors of 16161082.
2, 7, 37, 4457
What are the prime factors of 1307234?
2, 653617
What are the prime factors of 133915?
5, 26783
What are the prime factors of 10527098?
2, 89, 59141
List the prime factors of 161928.
2, 3, 13, 173
List the prime factors of 335510.
2, 5, 7, 4793
What are the prime factors of 2626921?
11, 19, 12569
List the prime factors of 4225601.
167, 25303
What are the prime factors of 35381761?
1289, 27449
List the prime factors of 500716.
2, 151, 829
What are the prime factors of 686380?
2, 5, 34319
List the prime factors of 802869.
3, 31, 89, 97
List the prime factors of 370765.
5, 29, 2557
List the prime factors of 3022678.
2, 37, 40847
What are the prime factors of 18108448?
2, 565889
List the prime factors of 2333209.
479, 4871
List the prime factors of 20127124.
2, 5031781
What are the prime factors of 15688677?
3, 239, 21881
List the prime factors of 339322.
2, 169661
List the prime factors of 5179216.
2, 7, 131, 353
What are the prime factors of 367818?
2, 3, 11, 5573
List the prime factors of 1255418.
2, 627709
What are the prime factors of 9491478?
2, 3, 61, 25933
What are the prime factors of 183257?
401, 457
List the prime factors of 158068.
2, 43, 919
List the prime factors of 320289.
3, 241, 443
List the prime factors of 198902.
2, 11, 9041
List the prime factors of 394014.
2, 3, 97, 677
What are the prime factors of 672236?
2, 41, 4099
What are the prime factors of 344558?
2, 172279
What are the prime factors of 467892?
2, 3, 41, 317
What are the prime factors of 364855?
5, 43, 1697
What are the prime factors of 14794459?
349, 42391
What are the prime factors of 27597775?
5, 1103911
List the prime factors of 14771496.
2, 3, 615479
List the prime factors of 652845.
3, 5, 71, 613
What are the prime factors of 1494384?
2, 3, 163, 191
What are the prime factors of 845213?
397, 2129
List the prime factors of 2009415.
3, 5, 109, 1229
What are the prime factors of 2508973?
223, 11251
List the prime factors of 1146042.
2, 3, 19, 1117
What are the prime factors of 596082?
2, 3, 99347
List the prime factors of 5033383.
5033383
List the prime factors of 8495978.
2, 449, 9461
List the prime factors of 32534620.
2, 5, 251, 6481
What are the prime factors of 22496653?
127, 307, 577
What are the prime factors of 433550?
2, 5, 13, 23, 29
What are the prime factors of 691413?
3, 230471
List the prime factors of 5255449.
5255449
List the prime factors of 249047.
37, 53, 127
List the prime factors of 575492.
2, 143873
What are the prime factors of 14804591?
19, 779189
List the prime factors of 159490.
2, 5, 41, 389
What are the prime factors of 452120?
2, 5, 89, 127
List the prime factors of 69199.
13, 5323
List the prime factors of 4160258.
2, 2080129
List the prime factors of 60722.
2, 97, 313
List the prime factors of 7462.
2, 7, 13, 41
What are the prime factors of 4894873?
137, 35729
List the prime factors of 7033054.
2, 7, 79, 6359
List the prime factors of 441499.
441499
List the prime factors of 30654491.
7, 263, 16651
What are the prime factors of 287440?
2, 5, 3593
What are the prime factors of 246691?
43, 5737
List the prime factors of 230379.
3, 41, 1873
List the prime factors of 582713.
37, 15749
What are the prime factors of 284326?
2, 7, 23, 883
List the prime factors of 29943141.
3, 1103, 9049
List the prime factors of 19598632.
2, 2449829
What are the prime factors of 68650?
2, 5, 1373
List the prime factors of 6268898.
2, 19, 199, 829
What are the prime factors of 4803555?
3, 5, 320237
List the prime factors of 170606.
2, 85303
What are the prime factors of 12811019?
13, 985463
What are the prime factors of 198006?
2, 3, 61, 541
What are the prime factors of 13491?
3, 1499
List the prime factors of 1970307.
3, 218923
List the prime factors of 600035.
5, 41, 2927
List the prime factors of 15309159.
3, 109, 46817
List the prime factors of 796376.
2, 7, 14221
What are the prime factors of 11322135?
3, 5, 11, 89, 257
What are the prime f